)).
1
Suppose 3*v - 3*l = 3, 0 = -v + 4*v - 5*l - 9. Let y = 10 + v. Suppose 4*j = -2*u + u + 9, -3*j + 6 = u. Calculate the remainder when y is divided by j.
2
Suppose 4*d - 5 = 7. Suppose -d*f + f = -26. Calculate the remainder when 23 is divided by f.
10
Let w = -3 - -8. Suppose -6*l + w*l = -107. What is the remainder when l is divided by 27?
26
Let r = 19 + -18. Calculate the remainder when 30 is divided by r/4*0 + 16.
14
Let l(t) = -4*t - 2. Let g be l(-3). Let k = 9 + g. Calculate the remainder when 37 is divided by k.
18
Suppose -352 = 5*b - 13*b. Calculate the remainder when 130 is divided by b.
42
Let m = 7 - -7. What is the remainder when 69 is divided by m?
13
Let y(s) = -4*s**2 + s - 1. Let n be y(1). Let c = n + 9. Calculate the remainder when (-4)/(-6) + 49/3 is divided by c.
2
Calculate the remainder when 29 is divided by ((-6)/12)/((-1)/20).
9
Let v(f) = 3*f**2 - f - 2. Suppose 5*j = 4*j + 22. What is the remainder when j is divided by v(-2)?
10
Let c(l) be the first derivative of 13*l**3/6 - 7*l**2/2 - l + 2. Let k(s) be the first derivative of c(s). Calculate the remainder when k(5) is divided by 20.
18
Let q(y) = -y**3 + 2*y**2 - y + 22. Let k = -6 + 8. Suppose -2*w = -5*l + k*w + 52, l - w - 11 = 0. What is the remainder when q(0) is divided by l?
6
Let q be (-1 - 0)/(4/(-32)). Suppose 4*b = 2*h - 15 - 3, 11 = -3*b - h. Let n = b + q. Calculate the remainder when n is divided by 3.
1
Let y(i) = i**2 + 8*i + 3. Let l be y(-8). Suppose -x - 68 = -l*x. Calculate the remainder when x is divided by (-4)/10*150/(-5).
10
Calculate the remainder when 79 is divided by (192/18)/(4/6).
15
Let z(l) = -l. Let n be z(2). Let w(q) = 14*q**2 - 4*q - 5. Suppose 0 = -2*d + 22 + 18. Calculate the remainder when w(n) is divided by d.
19
What is the remainder when -2 + 0 + 60 + (-8 - -4) is divided by 19?
16
Calculate the remainder when 53 is divided by ((-2)/(-6))/(4/216).
17
Suppose 0 = -n + 2. Calculate the remainder when 7 is divided by n.
1
Let b = 82 - 37. Suppose -7*a - 3 = -4*a, 2*a = 2*x - 12. Suppose x*g - 36 = 2*g. Calculate the remainder when b is divided by g.
9
Suppose -5 + 7 = -z. Suppose 4*y = h - 7, y = h - 4*y - 7. Let d = h - z. What is the remainder when 34 is divided by d?
7
Suppose -2*l - 7 = -27. Let j = -14 - -22. Suppose -3*r + 8 = 5*p, 5*p + j + 2 = 0. Calculate the remainder when l is divided by r.
4
Suppose -3*x = x + q - 14, -2*q - 16 = -3*x. Suppose -x*o + 1 = -99. What is the remainder when o is divided by 7?
4
What is the remainder when (4/6)/((-2)/105*-5) is divided by 3?
1
Let p(m) = m**2 - 9*m + 12. Let w = 17 + -9. What is the remainder when 7 is divided by p(w)?
3
Suppose 115 = 5*p - 4*k - k, 20 = -4*k. Let d = -13 + p. Suppose -3 = -2*s + s. What is the remainder when d is divided by s?
2
Suppose 2*j + j = 39. Calculate the remainder when 90 is divided by j.
12
Let g = 29 - -19. Calculate the remainder when g is divided by 17.
14
Suppose -3*x + 2 = -2*h, 2*h + 6 = 6*x - 2*x. Suppose -h*t + 16 + 14 = 0. Calculate the remainder when 10 is divided by t.
4
What is the remainder when 61 is divided by 150/9 - (-2)/(-3)?
13
Let d = -22 + 40. What is the remainder when 50 is divided by d?
14
Suppose -2*l + 4 + 0 = 0. Let d = -1 - -7. Calculate the remainder when d is divided by l.
0
Suppose 5*g = 4*l + 486, -78 = -g - 4*l - 0*l. Suppose 2*u - 24 = u. Calculate the remainder when g is divided by u.
22
Let m = -128 + 146. What is the remainder when m is divided by 6?
0
Let m = -8 + 10. Calculate the remainder when 4 is divided by m.
0
Suppose 0 = f + 4*c - 12, 5*c - 6 = -f + 6. Suppose -g = -3*g - 10. What is the remainder when g/((-5)/23) - 2 is divided by f?
9
Calculate the remainder when (-17 - -16)/(80/81 - 1) is divided by 28.
25
Suppose -2*a - 3*a = -45. What is the remainder when -4 + 4 + 0 + 26 is divided by a?
8
Let t = 16 - 22. Let f be t/(-21) - 15/(-21). Let v(z) = 19*z**3 - z**2 + 1. What is the remainder when v(f) is divided by 7?
5
Suppose -50*h = -54*h + 176. Calculate the remainder when 174 is divided by h.
42
Suppose -5*p + 4*v = -264, 106 = -3*p + 5*p - 2*v. Let d = 12 + p. What is the remainder when d is divided by 22?
20
Let z(b) = 43*b**2 - 2*b - 1. Suppose 0*t - 2*t = 52. Let g = 41 + t. Calculate the remainder when z(-1) is divided by g.
14
Let p = 40 - 31. Calculate the remainder when 29 is divided by p.
2
Let p(s) = -10*s + 4. Let i be p(8). Let r = 110 + i. What is the remainder when r is divided by 12?
10
Let v(g) = 10*g + 13. Calculate the remainder when v(17) is divided by 31.
28
Let h(r) = r**2 - 13*r + 18. Let b be h(12). Suppose b*z - z = 25. What is the remainder when 19 is divided by z?
4
Suppose 2*p = 29 + 33. Calculate the remainder when 61 is divided by p.
30
Let f(s) = s**2 - 6*s + 1. Let g be f(7). Let u = 12 - g. What is the remainder when 11 is divided by u?
3
Suppose -4*o + 0*o - 23 = 5*h, 21 = -5*h - 3*o. Calculate the remainder when (-2)/(-6) + (-17)/h is divided by 4.
2
Let k = -20 + 11. Let n(c) = c**2 + 10*c - 5. Let y be n(k). Let g = 78 + y. What is the remainder when g is divided by 22?
20
Suppose w + 2*q = 2, 2*w - 6 = -3*q + 2. Let t be 21/1 - (-1 - 0). Suppose -3*y = z - t, -5*y - 90 = -3*z - 2*y. Calculate the remainder when z is divided by w.
8
Let u(p) = -p**3 - 12*p**2 + 9*p - 2. Let q be u(-13). Suppose -v - q = -3*t, -4*v + 12 = -t + 36. Calculate the remainder when 29 is divided by t.
13
Let v(i) = i**2 + 9*i + 8. Let o be v(-8). Let f = o + -20. Calculate the remainder when 4 is divided by (-5)/2*24/f.
1
Let u be (-2)/(1/10*-1). Suppose 3*p + t + 19 = 0, -4*p - 2*t - 27 = t. Let z = u + p. Calculate the remainder when 41 is divided by z.
13
Let p(a) = a**2 + 4*a + 1. Let v = -1 - 1. Let d be p(v). Calculate the remainder when (d/(-9))/(2/12) is divided by 1.
0
Let d be 8/8 - 1*3. Let l be 5/(d/(-5 + 3)). Suppose -l*b = -2*g - 29, -3*b - 2*g = -6*g - 9. What is the remainder when 20 is divided by b?
6
Let i(p) = p - 1. Let v be i(5). Suppose 4*t - 2*t = v*q + 206, -2*t = 3*q - 171. What is the remainder when t is divided by 24?
21
Let y(j) = 2*j**2 - 2*j + 2. Calculate the remainder when y(7) is divided by 22.
20
Suppose p = -0*p + 21. Calculate the remainder when p is divided by 11.
10
What is the remainder when 7 is divided by ((-3)/(-9))/(3/27)?
1
Let l(i) = -i**3 + 5*i**2 - i + 1. Let r be l(5). Let j(a) = a**3 + 6*a**2 + 6*a + 3. Calculate the remainder when 20 is divided by j(r).
9
Let r(m) = m + 2. Let u be r(-4). Let d be (16/7 - u)*7. Let f = d + -12. Calculate the remainder when f is divided by 5.
3
Suppose 4*u = 3*k - 45, -5*k + 4*k - 2*u = -25. Let j = -9 + k. Suppose 0 = 2*y + j, 10 - 27 = r + 4*y. What is the remainder when 5 is divided by r?
2
Suppose 12*q - 208 = 4*q. Calculate the remainder when q is divided by 7.
5
Let p = -4 - -3. What is the remainder when ((1 + 6)/p)/(-1) is divided by (-12)/(-15)*(6 + -1)?
3
Suppose -q - 3*y = -y + 1, -q - 5*y = 4. Suppose q - 24 = -z. Let f = 2 + 6. What is the remainder when z is divided by f?
7
Suppose 0 = 3*n + 3*w - 39, 3*n - 11 = -0*n + 4*w. Suppose -2*h - h + n = 0. What is the remainder when 9 is divided by h?
0
Let t be 2/(-4) - 1/(-2). Let n(c) = -c**3 + c**2 + c + 10. What is the remainder when n(0) is divided by t + 1/((-3)/(-12))?
2
Let x(j) = -j**2 - 5*j. Let v be x(-5). Suppose -4*a - 29 = -g, v = -2*a - 0*a - 10. What is the remainder when g is divided by 3?
0
Let g(j) = 2*j**2 - 7*j + 5. Suppose -3*t = t - 3*b - 118, -2*t + 5*b + 66 = 0. Let n = t + -12. What is the remainder when n is divided by g(4)?
7
Let l(a) = 2*a - 10 - 3 + 0*a. Calculate the remainder when 43 is divided by l(12).
10
Let k be 2/(-2 - 0) - -2. Calculate the remainder when 23 is divided by 0 - -7 - (k - 2).
7
Suppose 3*h - 73 - 5 = 0. Calculate the remainder when 102 is divided by h.
24
Suppose -4*w = t + 3, -2*t + w - 26 = -w. What is the remainder when (-2 - 0) + (-4 - t) is divided by 2?
1
Let b(d) = d**3 - 10*d**2 + 8*d + 4. Let m be b(9). What is the remainder when 29 is divided by ((3 + m)*5)/(-1)?
9
Let j be -1 - ((-6)/2 - -2). Suppose 5*r = -j*r + 75. Let d = -5 + 9. Calculate the remainder when r is divided by d.
3
Let l = 146 + -82. Let t = l - 37. What is the remainder when t is divided by 15?
12
L